s digit of 22378822?
2
What is the thousands digit of 25850902?
0
What is the units digit of 281739114?
4
What is the ten thousands digit of 39335590?
3
What is the hundreds digit of 569373372?
3
What is the ten millions digit of 1413913288?
1
What is the tens digit of 966446179?
7
What is the thousands digit of 41029911?
9
What is the thousands digit of 3556424886?
4
What is the millions digit of 215340498?
5
What is the thousands digit of 104877236?
7
What is the hundreds digit of 1393403660?
6
What is the hundred thousands digit of 60682961?
6
What is the thousands digit of 903445769?
5
What is the tens digit of 2399856922?
2
What is the ten millions digit of 241449168?
4
What is the thousands digit of 4795378123?
8
What is the billions digit of 1292488438?
1
What is the billions digit of 2019655094?
2
What is the hundred thousands digit of 681947210?
9
What is the ten millions digit of 4649893718?
4
What is the ten millions digit of 283994495?
8
What is the thousands digit of 2233473900?
3
What is the ten millions digit of 97905434?
9
What is the ten thousands digit of 106187615?
8
What is the ten millions digit of 419688176?
1
What is the billions digit of 1767555861?
1
What is the billions digit of 2962905940?
2
What is the billions digit of 5360114922?
5
What is the hundreds digit of 36713038?
0
What is the tens digit of 6928395826?
2
What is the tens digit of 811107701?
0
What is the units digit of 15819647?
7
What is the millions digit of 225417443?
5
What is the hundred thousands digit of 99664873?
6
What is the ten thousands digit of 47822566?
2
What is the billions digit of 4167442350?
4
What is the tens digit of 7631665816?
1
What is the millions digit of 486246991?
6
What is the hundred millions digit of 119732414?
1
What is the ten thousands digit of 1254985?
5
What is the billions digit of 3255656212?
3
What is the hundred millions digit of 4722211830?
7
What is the ten thousands digit of 34588633?
8
What is the ten thousands digit of 77533581?
3
What is the units digit of 134098226?
6
What is the billions digit of 1388840847?
1
What is the millions digit of 2104583282?
4
What is the hundreds digit of 71539344?
3
What is the thousands digit of 5711750?
1
What is the thousands digit of 258837358?
7
What is the units digit of 201133840?
0
What is the thousands digit of 173120689?
0
What is the ten millions digit of 51748637?
5
What is the ten thousands digit of 3659912?
5
What is the hundred thousands digit of 57677516?
6
What is the millions digit of 2867210150?
7
What is the ten thousands digit of 370729953?
2
What is the ten thousands digit of 2655848131?
4
What is the millions digit of 853150409?
3
What is the millions digit of 235126017?
5
What is the ten millions digit of 772950992?
7
What is the hundred thousands digit of 3958787357?
7
What is the ten thousands digit of 94257056?
5
What is the hundred thousands digit of 43554754?
5
What is the ten thousands digit of 74114558?
1
What is the millions digit of 19660577?
9
What is the hundred millions digit of 2696241805?
6
What is the millions digit of 115844914?
5
What is the hundreds digit of 21924101?
1
What is the units digit of 1022039803?
3
What is the tens digit of 54061940?
4
What is the hundred thousands digit of 164871014?
8
What is the hundred thousands digit of 1044304044?
3
What is the hundred thousands digit of 254497785?
4
What is the units digit of 8874361?
1
What is the units digit of 43089928?
8
What is the ten thousands digit of 100875420?
7
What is the thousands digit of 312389892?
9
What is the ten millions digit of 1086214774?
8
What is the ten thousands digit of 177075046?
7
What is the hundred millions digit of 224843324?
2
What is the tens digit of 711418249?
4
What is the tens digit of 1771883276?
7
What is the hundred millions digit of 546439801?
5
What is the thousands digit of 111537774?
7
What is the hundred millions digit of 613786120?
6
What is the hundred thousands digit of 40348212?
3
What is the thousands digit of 275085833?
5
What is the hundred millions digit of 161550555?
1
What is the hundred thousands digit of 47879954?
8
What is the thousands digit of 2575044909?
4
What is the millions digit of 1651460006?
1
What is the thousands digit of 3765141957?
1
What is the units digit of 78035845?
5
What is the thousands digit of 1682900431?
0
What is the hundred millions digit of 577418230?
5
What is the ten thousands digit of 1428854807?
5
What is the units digit of 1822635713?
3
What is the hundred thousands digit of 4815132005?
1
What is the hundred millions digit of 733499818?
7
What is the hundred thousands digit of 1652361323?
3
What is the hundreds digit of 5673984008?
0
What is the units digit of 4830688?
8
What is the hundreds digit of 97795204?
2
What is the thousands digit of 137305490?
5
What is the tens digit of 257330062?
6
What is the hundreds digit of 233537428?
4
What is the ten thousands digit of 158584560?
8
What is the hundred millions digit of 375542926?
3
What is the hundred thousands digit of 169250792?
2
What is the hundreds digit of 22604975?
9
What is the ten millions digit of 11639137?
1
What is the hundred thousands digit of 763876010?
8
What is the thousands digit of 80421384?
1
What is the ten thousands digit of 27531378?
3
What is the hundreds digit of 300005749?
7
What is the hundreds digit of 134365040?
0
What is the tens digit of 467556860?
6
What is the millions digit of 57765755?
7
What is the ten millions digit of 89754382?
8
What is the tens digit of 7307490057?
5
What is the ten millions digit of 570881660?
7
What is the units digit of 54225797?
7
What is the millions digit of 722651457?
2
What is the millions digit of 101252902?
1
What is the ten thousands digit of 534778699?
7
What is the hundred thousands digit of 197685916?
6
What is the units digit of 84257012?
2
What is the units digit of 1058244457?
7
What is the hundreds digit of 318536017?
0
What is the ten thousands digit of 1423486205?
8
What is the millions digit of 4322248522?
2
What is the thousands digit of 42392612?
2
What is the hundred millions digit of 485090862?
4
What is the millions digit of 49125149?
9
What is the hundred thousands digit of 392085417?
0
What is the ten millions digit of 351818811?
5
What is the ten millions digit of 49567417?
4
What is the hundred thousands digit of 151167474?
1
What is the millions digit of 140018551?
0
What is the hundreds digit of 112557095?
0
What is the thousands digit of 2454212725?
2
What is the ten thousands digit of 42557648?
5
What is the hundred thousands digit of 1868984107?
9
What is the tens digit of 75337139?
3
What is the units digit of 442312987?
7
What is the tens digit of 1035085513?
1
What is the ten millions digit of 1024546786?
2
What is the ten thousands digit of 2795467446?
6
What is the hundreds digit of 579062355?
3
What is the thousands digit of 983016051?
6
What is the thousands digit of 56187907?
7
What is the hundred thousands digit of 4459655?
4
What is the ten thousands digit of 713400139?
0
What is the thousands digit of 479019668?
9
What is the tens digit of 180383593?
9
What is the ten millions digit of 109414507?
0
What is the hundred thousands digit of 1362364876?
3
What is the hundred millions digit of 738734089?
7
What is the ten thousands digit of 84892219?
9
What is the units digit of 43833576?
6
What is the hundreds digit of 5470186093?
0
What is the units digit of 603605590?
0
What is the ten thousands digit of 928351161?
5
What is the units digit of 843237257?
7
What is the hundred thousands digit of 640942337?
9
What is the thousands digit of 2396754746?
4
What is the ten thousands digit of 1496320863?
2
What is the ten millions digit of 442365456?
4
What is the millions digit of 67339740?
7
What is the hundreds digit of 640124452?
4
What is the ten thousands digit of 370452993?
5
What is the hundreds digit of 805120846?
8
What is the units digit of 20799262?
2
What is the tens digit of 85437760?
6
What is the ten millions digit of 41541957?
4
What is the hundred millions digit of 1522354082?
5
What is the ten millions digit of 966178718?
6
What is the hundred thousands digit of 378069671?
0
What is the hundred thousands digit of 56290306?
2
What is 